rime factors of a?
3
Let h = 15774 + -5300. List the prime factors of h.
2, 5237
Let l be 22/7 + 4/(-28). Suppose -4*q = -w + 906, 25*w = 21*w - l*q + 3586. List the prime factors of w.
2, 449
Suppose -4 + 28 = 3*o. Suppose 0 = -o*c + c + 98. Let y = 100 - c. What are the prime factors of y?
2, 43
Let n be -3 + 375/18 - (-5)/30. Suppose -12095 = -n*s + 6355. What are the prime factors of s?
5, 41
Let x(l) = 6*l**2 - l + 17. Let r(a) = -a**3 - 2*a**2 + 3*a - 2. Let i be r(2). List the prime factors of x(i).
19, 47
Let f(y) = 124*y**2 - 67*y + 120. What are the prime factors of f(2)?
2, 241
Suppose -3*q + 8*q - 4571 = 2*p, 3*p = 6. Suppose 2*u = d - 252, 2*u - 103 = -4*d + q. Suppose 46 - d = -4*x. List the prime factors of x.
2, 13
Let m be 2*((-12)/4 + 4). Suppose 2*g + 36 = 12. List the prime factors of 172/g*-3 - m.
41
Let t(k) be the first derivative of -k**4/2 + k**3/3 + k**2/2 + 132*k - 2. Suppose 0 = 2097*c - 2104*c. List the prime factors of t(c).
2, 3, 11
Suppose 2*c + 3*p - 5 = 0, 0*c - 3*c + 12 = 3*p. Suppose 0 = c*z - 8*z + 470. List the prime factors of z.
2, 5, 47
Let x be ((-1685)/15)/((-1)/3). Suppose -c = -2*m + 1007, -4*m + c + 469 = -1550. Let j = m - x. List the prime factors of j.
13
Let d = 235 + -149. Let u be 459/(-2)*(-28)/21. Suppose -4*m - 3*x + u = 0, m - 3*x - x = d. What are the prime factors of m?
2, 3, 13
Let h(g) be the third derivative of 11*g**4/8 - 71*g**3/2 + 108*g**2. List the prime factors of h(36).
3, 5, 13
Let w(r) = 1844*r**2 + 79*r - 223. What are the prime factors of w(3)?
2, 5, 11, 151
Let h(j) = -2*j**3 - 4*j**2 + 11*j - 29. Let n be h(-13). Suppose g + g - n = -4*t, 4*g = -4*t + 3536. What are the prime factors of t?
7, 127
Let l = -8725 + 17345. What are the prime factors of l?
2, 5, 431
Suppose 0 = -8*m - 54 + 6. Let o(i) be the second derivative of -17*i**3/6 + 15*i**2/2 - 30*i. What are the prime factors of o(m)?
3, 13
Let o = 44306 - 7859. List the prime factors of o.
3, 12149
Let v be 4 + -1 + -3 - 1. Let m be -2 + v + (129 - 3). Suppose q = 2*o - m, 258 = 4*o - 0*q + 2*q. List the prime factors of o.
3, 7
Suppose 0 = 5*t + i - 82281, -3*t - 222*i + 49383 = -219*i. What are the prime factors of t?
3, 5, 1097
Suppose 0 = -1395*q + 1393*q - 3*f + 80333, 4*f - 40149 = -q. What are the prime factors of q?
40177
Suppose -5*x + 3*v - 13 = 0, 4*x + 11 = 4*v - v. List the prime factors of (1442/(-3))/x - 36/(-54).
241
Suppose -b + y + 191 = 3*b, 6 = -2*y. Suppose -b = -8*q - 15. List the prime factors of (-1572)/(-20) - q/(-10).
79
Let h(m) = m**3 + 11*m**2 - 7*m + 18. Suppose 5*c - 61 = 2*n + 2*n, -4*n = 2*c + 26. Let v be h(n). Let d = -125 + v. List the prime factors of d.
2, 59
Let b(k) = 313*k**2 + 206*k**2 + 3 + 5*k - 4. List the prime factors of b(1).
523
Let z be 1*3/(-1 - -2) + 273. Suppose v + z = t - 11, t - 311 = -5*v. What are the prime factors of t?
3, 97
Let w(v) = 26 + 35*v**2 + 7*v + 26*v - 11*v. What are the prime factors of w(-5)?
7, 113
What are the prime factors of (-37737)/(-7) + (-7)/(14/12)?
3, 5, 359
Suppose 0 = -7*m - 122 - 46. Let i = 28 + m. List the prime factors of (-42)/i*(-5 - (-77)/21).
2, 7
Let k(u) = -3*u + 34. Let h be k(11). Let l(b) = 2*b**3 - b + 1. Let q be l(h). What are the prime factors of (-300)/(2 - 5) - (-1 + q)?
3, 11
Let x be (4/2 + 0)*1. Suppose 2*i + 2*i + 16 = d, 34 = 3*d + x*i. List the prime factors of 663/d + 2/(-8).
5, 11
Let a = 326 + -333. Let x(r) = 0*r**3 - r**3 + 17 - 5*r**2 + 3*r - 3*r + 4*r. List the prime factors of x(a).
3, 29
Suppose 9568 = 14*d - d. Suppose 7*i - 41 = d. What are the prime factors of i?
3, 37
Let d(m) = m**2 - 7. Let u be d(3). Let r be 6 + -9 + 10/u. Suppose -r*x + 109 = 3*j - 43, -3*x = 2*j - 218. What are the prime factors of x?
2, 5, 7
Suppose -15*b = -140603 + 34778. Suppose 6*d - 4*m = d + b, -5*d + 3*m + 7055 = 0. List the prime factors of d.
17, 83
Let d be -12*(-30)/54*36/5. Suppose -3*t - t - 3*i - d = 0, i = 0. Let u(j) = -12*j - 42. List the prime factors of u(t).
2, 3, 17
Let k = 24941 + -15892. What are the prime factors of k?
9049
Suppose -261*t + 262*t = 8. List the prime factors of ((-38)/t)/(4*2/(-96)).
3, 19
Suppose 3*s = -5*n - 4575, -2513 = 5*n + 4*s + 2067. Let y = -661 - n. List the prime factors of y.
251
Suppose -5*s + 4 = -3*s, -5*s + 22 = 2*g. Let o be (-30)/(-9) + g/9. What are the prime factors of (-203 - -2)*o/(-6)?
2, 67
Let u(c) = c**3 + 3*c**2 - 3*c - 4. Let b be u(-3). Suppose -4*p + 32*h + 980 = 37*h, b*h = 5*p - 1225. What are the prime factors of p?
5, 7
Let k(a) = -85*a - 81. Suppose 108 = -2*u - 10*u. List the prime factors of k(u).
2, 3, 19
Let y(n) = n**3 - 44*n**2 + 711*n + 238. List the prime factors of y(50).
2, 12697
Suppose 2*s - 46 = 3*x, 3*x + 50 = 2*s - 2*x. Suppose 6*g = s + 22. Let w = g - -7. What are the prime factors of w?
2, 7
Suppose 686 = -3*o + 2*t + 145, -923 = 5*o + 2*t. Let h = o - -307. List the prime factors of h.
2, 31
Suppose -5*w - q = -21, -15 = -q - 14. Suppose 3*t + 45 = 3*p, -3*t - 11 + 2 = 0. Suppose w*u = 44 - p. What are the prime factors of u?
2
Let b = -111 - -173. Let m = b - -232. Let n = m + -206. List the prime factors of n.
2, 11
Let o(u) = -149*u + 1. Suppose 3*c + 6*n - 10 = 7*n, 4*c - n - 12 = 0. Suppose -2*b - r - 1 = -c, 4*b = -3*r + 5. List the prime factors of o(b).
2, 3, 5
Let y = -15923 + 49817. What are the prime factors of y?
2, 3, 7, 269
Let h(f) = -457*f + 384. What are the prime factors of h(-13)?
5, 11, 23
Suppose 74*m + 36*m - 893558 - 1662952 = 0. What are the prime factors of m?
3, 61, 127
Suppose 2*s - 72 = -288. Let l = -106 - s. Suppose -12*u + l*u + 2560 = 0. What are the prime factors of u?
2
Let m be (1 - (-14)/(-6))/(-1)*183/61. Suppose -3*y - 2*u + 0*u + 2 = 0, -4*u = -y + 10. List the prime factors of 1833/13 + 0/y + m.
5, 29
Let k be ((-10)/(-22))/(20/220). What are the prime factors of (-496*(k - 11/2))/1?
2, 31
Suppose -v - h + 12326 = 0, -2*v + 24644 = 23*h - 25*h. What are the prime factors of v?
2, 3, 13, 79
Suppose -15*v - 15 = -18*v. Suppose 9*i - 4424 = v*i. List the prime factors of i.
2, 7, 79
Let y(w) = 12*w - 2. Let k(f) = -12*f + 1. Let t(s) = -3*k(s) - 4*y(s). Let g(i) = i**2 + 43*i - 1111. Let o be g(-61). List the prime factors of t(o).
7, 23
Let d be 15642/(-77) - 24/28. Let n = d - -691. List the prime factors of n.
487
Let f = 1 - -167. Let a be 312/f - 1/(-7). What are the prime factors of a/(-9) - (-11845)/45?
263
Suppose 21 = 3*x + 33, 3*b = 3*x + 46341. List the prime factors of b.
15443
Let g(l) = -12*l**2 + 54*l - 155 + 4*l**2 + 157 - l**3. What are the prime factors of g(-13)?
5, 29
Let u = 223 + -139. Let h = 232 - u. What are the prime factors of h?
2, 37
Suppose -52*f + 67660 = 7*f - 9099. List the prime factors of f.
1301
Let g(r) = -r**2 - 14*r + 357. Let u be g(12). Suppose j + 616 = 6*j - x, 0 = j - 2*x - 125. Suppose -j = -3*q - u. List the prime factors of q.
2, 13
Let s = 45 + -40. Suppose -10 = v + s. Let m = v - -61. What are the prime factors of m?
2, 23
Suppose -2*q + 21 = 5*q. Suppose -18 = -q*t - 6. Suppose 5*m - 2*p = 459, 3*p = -m - t*m + 449. List the prime factors of m.
7, 13
Let g(h) = h**2 + 8*h + 10. Let x be g(7). Suppose -2*i + x - 25 = 0. Suppose n - i - 49 = 0. What are the prime factors of n?
2, 47
Let n be (-2497638)/(-351) + (-2)/(-9). Suppose -19*i + 959 = -n. What are the prime factors of i?
5, 17
Suppose 4*s - w = 105113, 15*s - 22*s + 183941 = 5*w. List the prime factors of s.
2, 7, 1877
List the prime factors of 35169 + (20/130 - 534/(-78)).
2, 4397
Let t = 167 - 183. List the prime factors of ((-17753)/164)/(2/t).
2, 433
Suppose -4*k + 10 = 2. Suppose 4*w = x + 15, 40 = 3*w - k*x + 7*x. Suppose -3*p + 13 = s, s + w*p - p = 8. List the prime factors of s.
2, 7
Let r = 935 - 385. Let a = 193 - r. Let w = -254 - a. What are the prime factors of w?
103
Let j(s) = 3*s**2 - 12*s + 15. Let d be j(2). Suppose -1320 = -d*g - 4*i, 6*g + 3*i - 2200 = g. What are the prime factors of g?
2, 5, 11
Suppose 4*p - 5*b + 80 = 95, 0 = p - 4*b - 12. Suppose p = -34*s + 22*s + 12420. What are the prime factors of s?
3, 5, 23
Let v = -129 - -222. Let u(a) = 2*a**2 + 41*a - 9. Let f be u(-20). Let g = f + v. What are the prime factors of g?
2
Let f(d) = 5*d**2 + 21*d - 